{"id":1980,"date":"2025-10-06T11:30:34","date_gmt":"2025-10-06T09:30:34","guid":{"rendered":"https:\/\/www.meritessportifsvaudois.ch\/?page_id=1980"},"modified":"2025-10-06T11:30:34","modified_gmt":"2025-10-06T09:30:34","slug":"records","status":"publish","type":"page","link":"https:\/\/msv.igibits.com\/?page_id=1980","title":{"rendered":"Records"},"content":{"rendered":"\n<h3 class=\"wp-block-heading\">Les laur\u00e9ats les plus titr\u00e9s<\/h3>\n\n\n<div class=\"pageRecords\">\n<div class=\"blockRecords\"><img decoding=\"async\" class=\"imgRecords\" src=\"https:\/\/msv.igibits.com\/wp-content\/uploads\/2025\/10\/records_claessens.png\" alt=\"Zo\u00e9 Claessens\">\n<p>&nbsp;<\/p>\n<div>3x <img decoding=\"async\" class=\"imgMeritesPetit\" src=\"https:\/\/msv.igibits.com\/wp-content\/uploads\/2025\/10\/merites_petit.png\" alt=\"M\u00e9rites\"><\/div>\n<h1>Zo\u00e9 Claessens<\/h1>\n<h2>BMX Racing<\/h2>\n<ul>\n<li>Laur\u00e9ate Sportive en 2024 et 2023<\/li>\n<li>Laur\u00e9ate Espoir en 2018<\/li>\n<\/ul>\n<\/div>\n<div class=\"blockRecords\"><img decoding=\"async\" class=\"imgRecords\" src=\"https:\/\/msv.igibits.com\/wp-content\/uploads\/2025\/10\/records_smith.png\" alt=\"Fanny Smith\">\n<p>&nbsp;<\/p>\n<div>3x <img decoding=\"async\" class=\"imgMeritesPetit\" src=\"https:\/\/msv.igibits.com\/wp-content\/uploads\/2025\/10\/merites_petit.png\" alt=\"M\u00e9rites\"><\/div>\n<h1>Fanny Smith<\/h1>\n<h2>Skicross<\/h2>\n<ul>\n<li>Laur\u00e9ate Sportive en 2022, 2021 et 2010<\/li>\n<\/ul>\n<\/div>\n<div class=\"blockRecords\"><img decoding=\"async\" class=\"imgRecords\" src=\"https:\/\/msv.igibits.com\/wp-content\/uploads\/2025\/10\/records_peier.png\" alt=\"Killian Peier\">\n<p>&nbsp;<\/p>\n<div>2x <img decoding=\"async\" class=\"imgMeritesPetit\" src=\"https:\/\/msv.igibits.com\/wp-content\/uploads\/2025\/10\/merites_petit.png\" alt=\"M\u00e9rites\"><\/div>\n<h1>Killian Peier<\/h1>\n<h2>Saut \u00e0 ski<\/h2>\n<ul>\n<li>Laur\u00e9at Sportif en 2019<\/li>\n<li>Laur\u00e9at Espoir en 2013<\/li>\n<\/ul>\n<\/div>\n<div class=\"blockRecords\"><img decoding=\"async\" class=\"imgRecords\" src=\"https:\/\/msv.igibits.com\/wp-content\/uploads\/2025\/10\/records_maillefer.png\" alt=\"Augustin Maillefer\">\n<p>&nbsp;<\/p>\n<div>2x <img decoding=\"async\" class=\"imgMeritesPetit\" src=\"https:\/\/msv.igibits.com\/wp-content\/uploads\/2025\/10\/merites_petit.png\" alt=\"M\u00e9rites\"><\/div>\n<h1>Augustin Maillefer<\/h1>\n<h2>Aviron<\/h2>\n<ul>\n<li>Laur\u00e9at Sportif en 2012<\/li>\n<li>Laur\u00e9at Espoir en 2010<\/li>\n<\/ul>\n<\/div>\n<div class=\"blockRecords\"><img decoding=\"async\" class=\"imgRecords\" src=\"https:\/\/msv.igibits.com\/wp-content\/uploads\/2025\/10\/records_fiechter.png\" alt=\"Jennifer Fiechter\">\n<p>&nbsp;<\/p>\n<div>2x <img decoding=\"async\" class=\"imgMeritesPetit\" src=\"https:\/\/msv.igibits.com\/wp-content\/uploads\/2025\/10\/merites_petit.png\" alt=\"M\u00e9rites\"><\/div>\n<h1>Jennifer Fiechter<\/h1>\n<h2>Ski alpinisme<\/h2>\n<ul>\n<li>Laur\u00e9ate Sportive en 2013<\/li>\n<li>Laur\u00e9ate Espoir en 2009<\/li>\n<\/ul>\n<\/div>\n<div class=\"blockRecords\"><img decoding=\"async\" class=\"imgRecords\" src=\"https:\/\/msv.igibits.com\/wp-content\/uploads\/2025\/12\/records_binta.png\" alt=\"Jennifer Fiechter\">\n<p>&nbsp;<\/p>\n<div>2x <img decoding=\"async\" class=\"imgMeritesPetit\" src=\"https:\/\/msv.igibits.com\/wp-content\/uploads\/2025\/10\/merites_petit.png\" alt=\"M\u00e9rites\"><\/div>\n<h1>Binta Ndiaye<\/h1>\n<h2>Judo<\/h2>\n<ul>\n<li>Laur\u00e9ate Sportive en 2025<\/li>\n<li>Laur\u00e9ate Espoir en 2024<\/li>\n<\/ul>\n<\/div>\n<\/div>\n\n\n<h3 class=\"wp-block-heading\">Les sports les plus titr\u00e9s<\/h3>\n\n\n\n<figure class=\"wp-block-image size-full\"><img decoding=\"async\" src=\"https:\/\/msv.igibits.com\/wp-content\/uploads\/2025\/10\/graph_sports.png\" alt=\"\" class=\"wp-image-1996\"\/><\/figure>\n","protected":false},"excerpt":{"rendered":"<p>Les laur\u00e9ats les plus titr\u00e9s &nbsp; 3x Zo\u00e9 Claessens BMX Racing Laur\u00e9ate Sportive en 2024 et 2023 Laur\u00e9ate Espoir en 2018 &nbsp; 3x Fanny Smith Skicross Laur\u00e9ate Sportive en 2022, 2021 et 2010 &nbsp; 2x Killian Peier Saut \u00e0 ski Laur\u00e9at Sportif en 2019 Laur\u00e9at Espoir en 2013 &nbsp; 2x Augustin Maillefer Aviron Laur\u00e9at Sportif [&hellip;]<\/p>\n","protected":false},"author":2,"featured_media":0,"parent":0,"menu_order":0,"comment_status":"closed","ping_status":"closed","template":"","meta":{"_acf_changed":false,"footnotes":""},"class_list":["post-1980","page","type-page","status-publish","hentry"],"acf":[],"_links":{"self":[{"href":"https:\/\/msv.igibits.com\/index.php?rest_route=\/wp\/v2\/pages\/1980","targetHints":{"allow":["GET"]}}],"collection":[{"href":"https:\/\/msv.igibits.com\/index.php?rest_route=\/wp\/v2\/pages"}],"about":[{"href":"https:\/\/msv.igibits.com\/index.php?rest_route=\/wp\/v2\/types\/page"}],"author":[{"embeddable":true,"href":"https:\/\/msv.igibits.com\/index.php?rest_route=\/wp\/v2\/users\/2"}],"replies":[{"embeddable":true,"href":"https:\/\/msv.igibits.com\/index.php?rest_route=%2Fwp%2Fv2%2Fcomments&post=1980"}],"version-history":[{"count":0,"href":"https:\/\/msv.igibits.com\/index.php?rest_route=\/wp\/v2\/pages\/1980\/revisions"}],"wp:attachment":[{"href":"https:\/\/msv.igibits.com\/index.php?rest_route=%2Fwp%2Fv2%2Fmedia&parent=1980"}],"curies":[{"name":"wp","href":"https:\/\/api.w.org\/{rel}","templated":true}]}}