{"id":73,"date":"2018-06-25T17:20:32","date_gmt":"2018-06-25T15:20:32","guid":{"rendered":"https:\/\/www.meritessportifsvaudois.ch\/?page_id=73"},"modified":"2018-06-25T17:20:32","modified_gmt":"2018-06-25T15:20:32","slug":"voter","status":"publish","type":"page","link":"https:\/\/msv.igibits.com\/?page_id=73","title":{"rendered":"Voter"},"content":{"rendered":"\n<h2 class=\"wp-block-heading\">Comment voter ?<\/h2>\n\n\n\n<h4 class=\"wp-block-heading\">\u00c9tape 1<\/h4>\n\n\n\n<p>Cr\u00e9er un compte ou se connecter avec son identifiant et mot de passe.<\/p>\n\n\n\n<h4 class=\"wp-block-heading\">\u00c9tape 2<\/h4>\n\n\n\n<p>S\u00e9lectionner votre athl\u00e8te favori parmi les 3 finalistes pour <strong>chacune<\/strong> des cat\u00e9gories Sportive, Sportif et Espoir.<\/p>\n\n\n\n<h4 class=\"wp-block-heading\">\u00c9tape 3<\/h4>\n\n\n\n<p>Valider votre s\u00e9lection et compl\u00e9tez le test robot.<\/p>\n\n\n\n<p>&#8212;&#8212;&#8212;&#8212;&#8212;&#8212;&#8212;&#8212;&#8212;&#8212;&#8212;&#8212;&#8212;&#8212;&#8212;&#8212;&#8211;<\/p>\n\n\n<p>[totalpoll id=&#8221;2043&#8243;]<\/p>\n\n\n\n<figure class=\"wp-block-image size-large\"><img decoding=\"async\" src=\"https:\/\/msv.igibits.com\/wp-content\/uploads\/2025\/10\/graph_vote-2-1200x482.png\" alt=\"\" class=\"wp-image-2014\"\/><\/figure>\n","protected":false},"excerpt":{"rendered":"<p>Comment voter ? \u00c9tape 1 Cr\u00e9er un compte ou se connecter avec son identifiant et mot de passe. \u00c9tape 2 S\u00e9lectionner votre athl\u00e8te favori parmi les 3 finalistes pour chacune des cat\u00e9gories Sportive, Sportif et Espoir. \u00c9tape 3 Valider votre s\u00e9lection et compl\u00e9tez le test robot. &#8212;&#8212;&#8212;&#8212;&#8212;&#8212;&#8212;&#8212;&#8212;&#8212;&#8212;&#8212;&#8212;&#8212;&#8212;&#8212;&#8211;<\/p>\n","protected":false},"author":2,"featured_media":0,"parent":0,"menu_order":0,"comment_status":"closed","ping_status":"closed","template":"","meta":{"_acf_changed":false,"footnotes":""},"class_list":["post-73","page","type-page","status-publish","hentry"],"acf":[],"_links":{"self":[{"href":"https:\/\/msv.igibits.com\/index.php?rest_route=\/wp\/v2\/pages\/73","targetHints":{"allow":["GET"]}}],"collection":[{"href":"https:\/\/msv.igibits.com\/index.php?rest_route=\/wp\/v2\/pages"}],"about":[{"href":"https:\/\/msv.igibits.com\/index.php?rest_route=\/wp\/v2\/types\/page"}],"author":[{"embeddable":true,"href":"https:\/\/msv.igibits.com\/index.php?rest_route=\/wp\/v2\/users\/2"}],"replies":[{"embeddable":true,"href":"https:\/\/msv.igibits.com\/index.php?rest_route=%2Fwp%2Fv2%2Fcomments&post=73"}],"version-history":[{"count":0,"href":"https:\/\/msv.igibits.com\/index.php?rest_route=\/wp\/v2\/pages\/73\/revisions"}],"wp:attachment":[{"href":"https:\/\/msv.igibits.com\/index.php?rest_route=%2Fwp%2Fv2%2Fmedia&parent=73"}],"curies":[{"name":"wp","href":"https:\/\/api.w.org\/{rel}","templated":true}]}}