{"id":956,"date":"2021-06-30T11:51:38","date_gmt":"2021-06-30T09:51:38","guid":{"rendered":"https:\/\/www.meritessportifsvaudois.ch\/?page_id=956"},"modified":"2021-06-30T11:51:38","modified_gmt":"2021-06-30T09:51:38","slug":"candidature-2024","status":"publish","type":"page","link":"https:\/\/msv.igibits.com\/?page_id=956","title":{"rendered":"Candidature 2025"},"content":{"rendered":"\n<p>Les M\u00e9rites Sportifs Vaudois reviennent pour r\u00e9compenser ce qu\u2019il se fait de mieux dans le canton de Vaud en termes de sport. Ainsi, le Service de l\u2019\u00e9ducation physique et du sport est tr\u00e8s heureux d\u2019ouvrir l\u2019appel \u00e0 candidatures pour les diff\u00e9rentes cat\u00e9gories des M\u00e9rites Sportifs Vaudois 2025.<\/p>\n\n\n\n<p>Les r\u00e9sultats \u00e0 prendre en compte sont ceux obtenus entre le 1er septembre 2024 et le 31 ao\u00fbt 2025.<\/p>\n\n\n\n<p class=\"has-medium-font-size\"><strong>Proposez vos candidates et candidats jusqu&#8217;au 31 ao\u00fbt 2025.<\/strong><\/p>\n\n\n\n<div class=\"wp-block-group is-layout-flow wp-block-group-is-layout-flow\">\n<div class=\"wp-block-buttons is-layout-flex wp-block-buttons-is-layout-flex\">\n<div class=\"wp-block-button\"><a class=\"wp-block-button__link\" href=\"https:\/\/forms.office.com\/e\/jG5AkXi0Lr\" target=\"_blank\" rel=\"noreferrer noopener\">Sportif<\/a><\/div>\n\n\n\n<div class=\"wp-block-button\"><a class=\"wp-block-button__link\" href=\"https:\/\/forms.office.com\/e\/YmxjMkxr4E\" target=\"_blank\" rel=\"noreferrer noopener\">Sportive<\/a><\/div>\n\n\n\n<div class=\"wp-block-button\"><a class=\"wp-block-button__link\" href=\"https:\/\/forms.office.com\/e\/KHE7Jc5AUh\" target=\"_blank\" rel=\"noreferrer noopener\">Espoir<\/a><\/div>\n\n\n\n<div class=\"wp-block-button\"><a class=\"wp-block-button__link\" href=\"https:\/\/forms.office.com\/e\/M8jXS9X76a\" target=\"_blank\" rel=\"noreferrer noopener\">Equipe<\/a><\/div>\n\n\n\n<div class=\"wp-block-button\"><a class=\"wp-block-button__link\" href=\"https:\/\/forms.office.com\/e\/q4tUEpf6JV\" target=\"_blank\" rel=\"noreferrer noopener\">Club<\/a><\/div>\n\n\n\n<div class=\"wp-block-button\"><a class=\"wp-block-button__link\" href=\"https:\/\/forms.office.com\/e\/HHt16VcpYy\" target=\"_blank\" rel=\"noreferrer noopener\">Dirigeant\u00b7e<\/a><\/div>\n\n\n\n<div class=\"wp-block-button\"><a class=\"wp-block-button__link\" href=\"https:\/\/forms.office.com\/e\/pAdKvwzsUj\" target=\"_blank\" rel=\"noreferrer noopener\">Sportif\u00b7ve handicap<\/a><\/div>\n<\/div>\n<\/div>\n\n\n\n<h3 class=\"wp-block-heading\">Processus<\/h3>\n\n\n\n<ol class=\"has-white-color has-text-color wp-block-list\"><li>Proposition des candidat.e.s<\/li><li>V\u00e9rification de la validit\u00e9 des candidatures par le SEPS<\/li><li>Le jury d\u00e9signe les nomin\u00e9s de chaque cat\u00e9gorie (sauf pour \u00ab&nbsp;dirigeant&nbsp;\u00bb, \u00ab&nbsp;club&nbsp;\u00bb et &#8220;sportif-ve handicap&#8221; o\u00f9 le jury d\u00e9signera directement les laur\u00e9ats)<\/li><li>Les nomin\u00e9.e.s sont soumis.e.s au vote du public et d\u2019un jury de journalistes (40%-60%)<\/li><li>Annonce des r\u00e9sultats lors de la c\u00e9r\u00e9monie de remise des prix<\/li><\/ol>\n\n\n\n<p><\/p>\n","protected":false},"excerpt":{"rendered":"<p>Les M\u00e9rites Sportifs Vaudois reviennent pour r\u00e9compenser ce qu\u2019il se fait de mieux dans le canton de Vaud en termes de sport. Ainsi, le Service de l\u2019\u00e9ducation physique et du sport est tr\u00e8s heureux d\u2019ouvrir l\u2019appel \u00e0 candidatures pour les diff\u00e9rentes cat\u00e9gories des M\u00e9rites Sportifs Vaudois 2025. Les r\u00e9sultats \u00e0 prendre en compte sont ceux [&hellip;]<\/p>\n","protected":false},"author":2,"featured_media":0,"parent":0,"menu_order":0,"comment_status":"closed","ping_status":"closed","template":"","meta":{"_acf_changed":false,"footnotes":""},"class_list":["post-956","page","type-page","status-publish","hentry"],"acf":[],"_links":{"self":[{"href":"https:\/\/msv.igibits.com\/index.php?rest_route=\/wp\/v2\/pages\/956","targetHints":{"allow":["GET"]}}],"collection":[{"href":"https:\/\/msv.igibits.com\/index.php?rest_route=\/wp\/v2\/pages"}],"about":[{"href":"https:\/\/msv.igibits.com\/index.php?rest_route=\/wp\/v2\/types\/page"}],"author":[{"embeddable":true,"href":"https:\/\/msv.igibits.com\/index.php?rest_route=\/wp\/v2\/users\/2"}],"replies":[{"embeddable":true,"href":"https:\/\/msv.igibits.com\/index.php?rest_route=%2Fwp%2Fv2%2Fcomments&post=956"}],"version-history":[{"count":0,"href":"https:\/\/msv.igibits.com\/index.php?rest_route=\/wp\/v2\/pages\/956\/revisions"}],"wp:attachment":[{"href":"https:\/\/msv.igibits.com\/index.php?rest_route=%2Fwp%2Fv2%2Fmedia&parent=956"}],"curies":[{"name":"wp","href":"https:\/\/api.w.org\/{rel}","templated":true}]}}